 - l. Calculate the highest common factor of g and w.
11
Let y be (-9)/(-6)*10/3. Suppose 3*f + 4*a = 75, 2*f - 76 = -y*a - 19. What is the greatest common factor of 14 and f?
7
Suppose -12 = -6*r + 3*r. Suppose r*w - 5 = 5*t + 4, 2*w - 6 = 2*t. Suppose -5*q = n - w, 0 = 2*q + 3 - 1. Calculate the highest common divisor of n and 99.
11
Let a = -175 + 474. What is the greatest common factor of 115 and a?
23
Let w be 80/(-15)*9/(-12). Calculate the highest common divisor of 14 and w.
2
Suppose 5*y = -r + 36, 5 = y + 4*r + 13. Suppose h + 2*h = v + 31, -2*h - 5*v = -49. Calculate the greatest common factor of y and h.
4
Suppose -3*t + 308 + 286 = 0. Let w = -29 - -31. Suppose -6 = w*h, 4*h - 35 = -4*b + 41. What is the highest common divisor of b and t?
22
Suppose 5*u + 4*b = 3*b + 16, -3*u - 4 = 4*b. Suppose -3*k + u*n = -49, 2*k - n - 30 = n. What is the highest common factor of 44 and k?
11
Let t(o) = 4*o**2 + 2*o - 2. Let k be 12/15*15/(-6). Let x be t(k). Let f be 2/10 + 108/x. What is the highest common divisor of 99 and f?
11
Suppose 0*k + 2*k = -4. Let q(c) = 3 - 4*c + 2*c**2 + 3 - 4 - 5. Let x be q(k). Calculate the highest common factor of x and 52.
13
Suppose 0 = -5*v - v + 12. Let y = -60 + 101. Let p = y - 27. Calculate the highest common divisor of v and p.
2
Let w = 160 + -132. Let u(z) = z**3 - 3*z**2 + 4*z. Let g be u(5). What is the greatest common factor of g and w?
14
Let u be (-146)/(-4) + (-3)/2. Let h = 26 - -219. What is the greatest common divisor of u and h?
35
Let w(v) = -2*v - 10. Let g be w(-7). Suppose -g*j + 115 + 249 = 4*y, -3*j + 453 = 5*y. Calculate the greatest common factor of 225 and y.
45
Suppose -13 = -5*f + 7. Suppose 40 + 20 = -f*m. Let w be (54/m)/(9/(-60)). Calculate the greatest common divisor of w and 168.
24
Suppose 4*y + 18 = 8*y - l, 3*l = -4*y + 26. Suppose 2*c + 28 = 5*g, 3*g = y*g + 2*c - 14. Let d = -14 - -62. Calculate the highest common divisor of g and d.
6
Suppose 0 = -19*p + 211 + 36. Let o be (15/2)/(2/(-24)). Let w = o + 155. What is the greatest common divisor of p and w?
13
Let r be (-326)/(13 - 15) + 1/(-1). What is the greatest common divisor of 189 and r?
27
Let j be (-4)/38 - 141384/(-228). What is the highest common divisor of j and 20?
20
Suppose m - 5*p + 13 = 0, -4*m = -4*p + 2 + 2. Suppose g + m*c - 13 = 0, 3*g + c - 54 = -0*c. What is the highest common divisor of g and 19?
19
Suppose 26 = -3*b + 5*k, -3*b + 0*k = k + 2. Let s be 2*((-17)/b + -2). Let f be (210/168)/(2/104). Calculate the highest common factor of f and s.
13
Let o(t) = -t**3 + 7*t**2 + 30*t + 16. Let a be o(10). What is the greatest common divisor of 472 and a?
8
Let l be 694/30 - 22/165. Let n = l - 19. Suppose 7*o = n*o + 75. Calculate the greatest common divisor of 5 and o.
5
Suppose 6561 = 16*c - 2319. What is the greatest common divisor of 15 and c?
15
Suppose 1464 - 1560 = -u. What is the highest common divisor of 6 and u?
6
Let c = 241 + -221. Calculate the greatest common factor of c and 50.
10
Let o(y) = y - 3. Let i be o(6). Suppose -p = i*p - 560. What is the greatest common factor of 28 and p?
28
Let w be -2 - 5*-6*1. Let t be -4 - ((-6)/(-3) - 13). Calculate the highest common divisor of w and t.
7
Let n(v) = -3*v + 5 - 6 - 2 + 0*v**3 + 2*v**3 - 7*v**2. Let l be n(6). Suppose -39 = 5*g - l. What is the highest common divisor of 36 and g?
12
Let p be 33/22*(-88)/(-6). Calculate the highest common factor of 8 and p.
2
Suppose x + x - 24 = 0. Suppose -2*r + x = 4*r. Calculate the greatest common factor of r and 8.
2
Let a(w) = w**3 + 15*w**2 + 12*w + 12. Let t be a(-16). Let b be (-1)/(-1) - 1*10. Let i be 2/b - t/18. What is the greatest common divisor of 6 and i?
6
Suppose 5*w = 4*n + 777, -n + 444 = 3*w + 4*n. Calculate the highest common divisor of 9 and w.
9
Suppose 0*y - y + 5 = 0. Let o(g) = g**3 + g**2 + 4*g + 3. Let d be o(-2). Let u be (-15)/(d/15 - 0). Calculate the highest common divisor of u and y.
5
Let c be (-1071)/(-45) - 28/35. What is the greatest common factor of 69 and c?
23
Suppose -5*l - 323 = -24*l. Calculate the greatest common factor of 221 and l.
17
Suppose n - 6 = -1. Suppose -13 = 3*d - 1, 5*y = -n*d + 100. Let x be 0 + 59 + (5 - (-3 - -7)). Calculate the highest common factor of y and x.
12
Suppose 3*w - 2*w - 386 = -2*t, 4*w + 3*t - 1554 = 0. Calculate the highest common divisor of 156 and w.
78
Let r be (-5)/20 - 21/(-4). Suppose 2*g + 10 = 0, 0 = -4*m + r*g + 68 + 73. Let b = -17 + m. Calculate the highest common divisor of b and 108.
12
Suppose 90 = 5*m - 3*y, y + 55 = 2*m - 4*y. Suppose 0*h = h - 5*k - 135, 0 = 5*h - 4*k - 675. What is the highest common factor of m and h?
15
Let v(l) be the first derivative of 5/2*l**2 + 5 - 1/4*l**4 + 6*l + 2*l**3. Let n be v(6). Calculate the highest common factor of n and 9.
9
Let b(a) = a + 7. Let v be b(-5). Let s = -424 - -438. What is the highest common factor of v and s?
2
Suppose 0 = -0*r + 5*r + 4*k - 53, 5*k - 10 = 0. What is the highest common divisor of r and 630?
9
Let l be (-20 + 14)*(-116)/6. Calculate the greatest common factor of 145 and l.
29
Let x be ((-244)/(-2))/(-2) + -2. Let g be 332/7 - 36/x. What is the greatest common factor of g and 72?
24
Suppose 5*z - 14*w = -10*w + 2519, -4*w + 16 = 0. Calculate the highest common divisor of z and 39.
39
Suppose v - g - 34 = 0, -3*g + 1 = -4*g. Calculate the highest common factor of v and 99.
33
Let w be -399 + (-2 - 2 - -4). Let y be (-7)/21 - w/9. Let o be y/(-55) + 1058/10. Calculate the highest common divisor of o and 21.
21
Let g = -139 + 415. What is the greatest common divisor of g and 36?
12
Let c(i) = i**2 - 16*i + 28. Let p be c(15). Suppose -4*k + 66 = b, 5*k - p = -4*b + 75. Calculate the highest common factor of k and 16.
16
Suppose -86*w + 35*w = -1020. Calculate the highest common divisor of w and 170.
10
Let z(o) = -2*o**2 + 19*o - 5. Let k be z(9). Suppose 3*p + 24 = k*p. Calculate the highest common factor of 6 and p.
6
Suppose 9*t - 4*t = 0. Let w be 1 - ((-8)/(-4) - t). Let q be (-38)/(0 - w/(-4)). Calculate the greatest common factor of q and 19.
19
Let h(o) = -2*o**2 + 18*o - 10. Let u be h(7). What is the greatest common divisor of 2070 and u?
18
Suppose q = -2*u + 47, 4*u - 110 = -u - 4*q. Let r = u + -18. Suppose 2 - r = -3*j. What is the highest common factor of 2 and j?
2
Let h(c) = 77*c**2 + 5*c + 8. Let q be 8/(-10)*10/4. Let o be h(q). Calculate the greatest common factor of 34 and o.
34
Suppose -4*l - 35 = -3*n - 86, 23 = 2*l + n. What is the greatest common divisor of l and 2?
2
Suppose -13 = -2*a + 25. Suppose -10*u = -8*u + 8. Let m be (-845)/(-45) - u/18. Calculate the highest common divisor of a and m.
19
Let c be 2/(-7) + (-320)/(-140). Let b = -5 + 7. What is the greatest common divisor of b and c?
2
Let f = -658 - -702. What is the highest common divisor of f and 16?
4
Suppose -9*q + 153 = -0*q. Let s(k) = k**2 - 15*k - 29. Let n be s(q). Suppose 13 = 4*a - 7. What is the highest common divisor of n and a?
5
Suppose x - 12 + 204 = 0. Let g = x - -269. Calculate the greatest common divisor of g and 11.
11
Suppose 8*n - 80 = -256. Let j be 3 + -1 - (n - 8). Let d = 523 + -267. Calculate the highest common divisor of d and j.
32
Let d = 482 - 468. Suppose 0 = -0*f - 5*f + 700. Calculate the greatest common divisor of f and d.
14
Let l(w) = 26*w - 190. Let s be l(8). Suppose -2*h + 17 = -19. What is the highest common factor of s and h?
18
Let g(y) = 4 + 3 - 11 - 20 + 2*y. Let p be g(18). Calculate the highest common factor of 48 and p.
12
Let x = -6 - -4. Let r be -3 + (x + -38)/(-4). Let y = 41 + r. Calculate the greatest common factor of y and 8.
8
Let t(o) = -3*o - 10. Let k be t(-12). Suppose 17*m = 403 + 260. What is the greatest common factor of k and m?
13
Let c be 10 + -16 + (2 - -11) + 248. Calculate the greatest common factor of 357 and c.
51
Let n = 6800 - 4592. Calculate the greatest common divisor of n and 69.
69
Let c(d) = d**3 + 3*d**2 - 4*d + 3. Let x be c(-4). Let n be (-12)/x*-1 - -2. Suppose 16 = 10*l - n*l. What is the greatest common factor of 8 and l?
4
Let b(p) = -p**2 - 8*p - 6. Let l be b(-6). Let w(n) = 2*n**2. Let s be w(0). Suppose -8*q + l*q + 28 = s. Calculate the greatest common divisor of 14 and q